2, 7, 857
List the prime factors of 59565.
3, 5, 11, 19
What are the prime factors of 5714?
2, 2857
List the prime factors of 35677.
35677
List the prime factors of 229.
229
What are the prime factors of 27745?
5, 31, 179
List the prime factors of 764.
2, 191
List the prime factors of 90.
2, 3, 5
List the prime factors of 138868.
2, 149, 233
List the prime factors of 78285.
3, 5, 17, 307
List the prime factors of 42182.
2, 7, 23, 131
What are the prime factors of 6122?
2, 3061
What are the prime factors of 146981?
103, 1427
List the prime factors of 7609.
7, 1087
What are the prime factors of 9156?
2, 3, 7, 109
List the prime factors of 18738.
2, 3, 347
What are the prime factors of 1342?
2, 11, 61
List the prime factors of 976.
2, 61
What are the prime factors of 17479?
7, 11, 227
What are the prime factors of 16264?
2, 19, 107
List the prime factors of 719.
719
What are the prime factors of 1696?
2, 53
List the prime factors of 25135.
5, 11, 457
What are the prime factors of 1380?
2, 3, 5, 23
What are the prime factors of 8644?
2, 2161
What are the prime factors of 16824?
2, 3, 701
What are the prime factors of 10737?
3, 1193
What are the prime factors of 778?
2, 389
List the prime factors of 4558.
2, 43, 53
List the prime factors of 1368.
2, 3, 19
What are the prime factors of 12197?
12197
What are the prime factors of 69497?
69497
List the prime factors of 52436.
2, 13109
What are the prime factors of 706?
2, 353
What are the prime factors of 12603?
3, 4201
What are the prime factors of 2465?
5, 17, 29
What are the prime factors of 5495?
5, 7, 157
What are the prime factors of 241?
241
List the prime factors of 597.
3, 199
What are the prime factors of 33360?
2, 3, 5, 139
What are the prime factors of 51097?
37, 1381
List the prime factors of 4129.
4129
What are the prime factors of 1747?
1747
What are the prime factors of 20471?
11, 1861
List the prime factors of 54571.
11, 41
List the prime factors of 2481.
3, 827
List the prime factors of 4496.
2, 281
What are the prime factors of 11934?
2, 3, 13, 17
List the prime factors of 3053.
43, 71
What are the prime factors of 112?
2, 7
What are the prime factors of 5107?
5107
What are the prime factors of 2036?
2, 509
What are the prime factors of 1878?
2, 3, 313
What are the prime factors of 37668?
2, 3, 43, 73
List the prime factors of 1516.
2, 379
What are the prime factors of 7526?
2, 53, 71
What are the prime factors of 974?
2, 487
List the prime factors of 6916.
2, 7, 13, 19
What are the prime factors of 243?
3
What are the prime factors of 1832?
2, 229
List the prime factors of 29213.
131, 223
What are the prime factors of 69569?
73, 953
List the prime factors of 602.
2, 7, 43
What are the prime factors of 1164?
2, 3, 97
List the prime factors of 12365.
5, 2473
What are the prime factors of 19938?
2, 3, 3323
List the prime factors of 4567.
4567
What are the prime factors of 31055?
5, 6211
List the prime factors of 108383.
11, 59, 167
What are the prime factors of 12836?
2, 3209
List the prime factors of 133366.
2, 66683
What are the prime factors of 825?
3, 5, 11
What are the prime factors of 44524?
2, 11131
List the prime factors of 486.
2, 3
List the prime factors of 574.
2, 7, 41
What are the prime factors of 6757?
29, 233
What are the prime factors of 62288?
2, 17, 229
What are the prime factors of 28826?
2, 7, 29, 71
What are the prime factors of 1028?
2, 257
List the prime factors of 7281.
3, 809
List the prime factors of 10064.
2, 17, 37
What are the prime factors of 3534?
2, 3, 19, 31
List the prime factors of 76809.
3, 25603
List the prime factors of 4029.
3, 17, 79
List the prime factors of 15217.
15217
List the prime factors of 42953.
42953
What are the prime factors of 38773?
7, 29, 191
List the prime factors of 7809.
3, 19, 137
What are the prime factors of 34373?
37, 929
List the prime factors of 1604.
2, 401
What are the prime factors of 35?
5, 7
What are the prime factors of 44161?
13, 43, 79
List the prime factors of 14027.
13, 83
What are the prime factors of 36803?
13, 19, 149
List the prime factors of 2551.
2551
List the prime factors of 130528.
2, 4079
List the prime factors of 1813.
7, 37
List the prime factors of 12785.
5, 2557
What are the prime factors of 91437?
3, 29, 1051
List the prime factors of 4671.
3, 173
List the prime factors of 3680.
2, 5, 23
What are the prime factors of 4293?
3, 53
List the prime factors of 32514.
2, 3, 5419
What are the prime factors of 4754?
2, 2377
What are the prime factors of 18296?
2, 2287
List the prime factors of 909.
3, 101
What are the prime factors of 114049?
13, 31, 283
What are the prime factors of 85390?
2, 5, 8539
What are the prime factors of 2769?
3, 13, 71
What are the prime factors of 27254?
2, 13627
What are the prime factors of 9341?
9341
List the prime factors of 113475.
3, 5, 17, 89
List the prime factors of 1437.
3, 479
What are the prime factors of 1533?
3, 7, 73
What are the prime factors of 6163?
6163
What are the prime factors of 14644?
2, 7, 523
What are the prime factors of 51884?
2, 7, 17, 109
List the prime factors of 6480.
2, 3, 5
List the prime factors of 981.
3, 109
What are the prime factors of 63681?
3, 21227
List the prime factors of 64572.
2, 3, 5381
What are the prime factors of 4946?
2, 2473
List the prime factors of 36053.
31, 1163
List the prime factors of 416.
2, 13
List the prime factors of 891.
3, 11
List the prime factors of 1837.
11, 167
What are the prime factors of 4763?
11, 433
What are the prime factors of 1519?
7, 31
List the prime factors of 81770.
2, 5, 13, 17, 37
What are the prime factors of 3049?
3049
What are the prime factors of 145797?
3, 23, 2113
What are the prime factors of 10252?
2, 11, 233
List the prime factors of 12898.
2, 6449
What are the prime factors of 1764?
2, 3, 7
What are the prime factors of 6252?
2, 3, 521
What are the prime factors of 38220?
2, 3, 5, 7, 13
List the prime factors of 21979.
31, 709
What are the prime factors of 5930?
2, 5, 593
What are the prime factors of 7750?
2, 5, 31
What are the prime factors of 79491?
3, 26497
List the prime factors of 822.
2, 3, 137
What are the prime factors of 42602?
2, 7, 17, 179
What are the prime factors of 1576?
2, 197
What are the prime factors of 982?
2, 491
What are the prime factors of 753?
3, 251
List the prime factors of 2242.
2, 19, 59
What are the prime factors of 1132?
2, 283
List the prime factors of 23639.
7, 11, 307
What are the prime factors of 25787?
107, 241
What are the prime factors of 9263?
59, 157
List the prime factors of 37369.
37369
What are the prime factors of 48391?
7, 31, 223
What are the prime factors of 36843?
3, 12281
List the prime factors of 60533.
11, 5503
List the prime factors of 12698.
2, 7, 907
What are the prime factors of 81503?
149, 547
List the prime factors of 4022.
2, 2011
What are the prime factors of 13859?
13859
List the prime factors of 21299.
19, 59
What are the prime factors of 1274?
2, 7, 13
What are the prime factors of 3720?
2, 3, 5, 31
What are the prime factors of 7280?
2, 5, 7, 13
What are the prime factors of 1283?
1283
List the prime factors of 539.
7, 11
List the prime factors of 8711.
31, 281
What are the prime factors of 2282?
2, 7, 163
What are the prime factors of 1273?
19, 67
What are the prime factors of 635?
5, 127
List the prime factors of 481.
13, 37
What are the prime factors of 116?
2, 29
What are the prime factors of 6176?
2, 193
List the prime factors of 9571.
17, 563
List the prime factors of 931.
7, 19
What are the prime factors of 30469?
30469
List the prime factors of 5783.
5783
List the prime factors of 364.
2, 7, 13
What are the prime factors of 7561?
7561
List the prime factors of 10604.
2, 11, 241
What are the prime factors of 30533?
19, 1607
List the prime factors of 10729.
10729
List the prime factors of 5186.
2, 2593
List the prime factors of 301.
7, 43
What are the prime factors of 796?
2, 199
List the prime factors of 386.
2, 193
List the prime factors of 2270.
2, 5, 227
What are the prime factors of 1109?
1109
What are the prime factors of 860?
2, 5, 43
List the prime factors of 3134.
2, 1567
List the prime factors of 346.
2, 173
List the prime factors of 3218.
2, 1609
List the prime factors of 1323.
3, 7
What are the prime f